u = -7*j - 99, -3*j - u = -105. Suppose j*w = 39*w + 990. What are the prime factors of (1 + -2)*(w - -6)?
2, 3
Suppose -3*y + 61999 = 18*y - 4*y. What are the prime factors of y?
7, 521
Let t(w) = -10*w**3 + 2*w**2 - 1. Let y be t(1). Let m(z) = -z**3 - 4*z**2 + 2*z - 3. Let n be m(y). Suppose -n = -7*b - b. List the prime factors of b.
2, 3
Let m(g) = g**2 + 6*g + 8. Let k = 49 + -37. Let d be (42/16)/(k/(-16))*4. What are the prime factors of m(d)?
2, 3, 5
Let a(c) = -8*c - 2 + c**2 + 29*c + 2*c. Let b be a(-24). Suppose -2 = -2*u - 2*s + b, 0 = 2*u - 3*s + 1. List the prime factors of u.
7
Suppose 68*p = 557823 + 861881. What are the prime factors of p?
2, 11, 13, 73
Let r be -4*(0 - 2 - (-330)/24). Let t = 47 + r. Suppose t = -3*d - 5*l + 298, -l = 5*d - 4*l - 474. What are the prime factors of d?
2, 3
Suppose -12*k + 120222 = 6*k. What are the prime factors of k?
6679
Let x be 8/12*264/16. Let w = 20 - x. Let s(u) = 4*u + 28. List the prime factors of s(w).
2
Suppose -c - 4 = 0, -c - 2240 + 9468 = q. What are the prime factors of q?
2, 113
Suppose -5*n + 19 = 3*b, 10 = -n + 5*b - b. Suppose -3*t + n*u + 35 = 0, 4*t + u = 9*t - 56. What are the prime factors of t?
11
Let g = 20336 + -17804. What are the prime factors of g?
2, 3, 211
Suppose 4*h = -12, 0 = 2*c + 3*h + 3*h - 4*h. Let x = 7 - 1. Suppose 0 = 3*d, -t + c*d - 820 = -x*t. List the prime factors of t.
2, 41
Suppose 0 = -37*c + 1097715 - 119731. List the prime factors of c.
2, 7, 59
Let z(m) = 49*m**3 + 9*m**2 + 16*m + 26. Let w(p) = 100*p**3 + 17*p**2 + 33*p + 52. Let a(l) = -3*w(l) + 5*z(l). List the prime factors of a(-3).
2, 17, 43
Suppose -79*l + 78*l = -1419. Let t = l + -785. List the prime factors of t.
2, 317
Suppose 4*i - 3*j - 54 = 7*i, -2*i + 4*j - 66 = 0. List the prime factors of (-1)/((-1)/804) - (-20 - i).
3, 89
Let v be 16/(-96) - (-34)/(-12) - -5. Suppose 0 = -v*t - 4*h + 1708, -4*h - 2425 - 1915 = -5*t. What are the prime factors of t?
2, 3
Suppose -42*b + 46*b + 2744 = 0. Let j = b - -1251. Suppose -j = 26*x - 31*x. What are the prime factors of x?
113
Let n(h) = 1674*h**2 + 93*h + 179. List the prime factors of n(-2).
6689
Let h = 19800 - 11154. List the prime factors of h.
2, 3, 11, 131
Suppose -5*g = -39*g + 262990. What are the prime factors of g?
5, 7, 13, 17
Suppose -4*a + 124759 = 5*a - 53198. What are the prime factors of a?
3, 13
Let n be 4 - (-30)/(-6) - 144. Let b = n + 860. Let s = -482 + b. What are the prime factors of s?
233
Let h(k) = 10*k - 47. Let b be h(18). Suppose -2*m + 622 = -p - b, -m = -4*p - 367. What are the prime factors of m?
379
Let p be (-2)/(-3)*(5 - 45/(-18)). Suppose -2*n + 2088 = 2*v, 6086 = p*v - 2*n + 901. List the prime factors of v.
1039
Suppose 0 = 4*a - 5*l - 319, -3*a + 3*l = a - 329. Let t = 466 + a. What are the prime factors of t?
2, 3, 23
Suppose 95 + 55 = 3*g. Let i = g + -29. Let y = 42 - i. List the prime factors of y.
3, 7
Suppose -2*r + 5*t = 849, 4*t + 1173 = -3*r - 135. Let b = 130 + r. Let x = -158 - b. What are the prime factors of x?
2, 3
Let t = -32126 - -59009. List the prime factors of t.
3, 29, 103
Let y(o) be the second derivative of -o**5/20 + o**4/2 + 4*o**3/3 - 5*o**2/2 - 15*o. Let k be y(7). Suppose -9*w + 126 = -k*w. What are the prime factors of w?
2, 3
Suppose 2*n - 12 = -0*n - 4*k, 4*n + 3*k = 9. Let u(z) = z**2 + 3*z + 341. What are the prime factors of u(n)?
11, 31
Suppose q = -22 + 31. Suppose q*c - 991 - 647 = 0. List the prime factors of c.
2, 7, 13
Suppose 0 = -212*g + 179*g + 112332. What are the prime factors of g?
2, 23, 37
Let n(w) = 983*w**2 - 651*w - 1299. What are the prime factors of n(-2)?
5, 787
Let v(k) = -3*k**2 + 217*k - 240. Let h be v(75). Suppose 5*l - 7 = l - b, 4*l - 17 = b. List the prime factors of h/(-14) - l/(-1).
3, 7
Suppose -4*j + 162 + 5 = 3*c, -149 = -3*c + 5*j. Suppose 5*o + 12 = -38. Let f = c + o. What are the prime factors of f?
43
Let j(s) = s**3 + 10*s**2 + 10*s + 8. Suppose 8*v = 19 + 21. Suppose a + 1 = -k, 3*k - 7*k + 50 = -v*a. List the prime factors of j(a).
2, 23
List the prime factors of (-42)/(-105) + (-31273)/(-5).
3, 5, 139
Suppose 13 + 107 = 8*p. Let v(f) = 4*f**2 - 36*f - 35. List the prime factors of v(p).
5, 13
Let y = -168 + 114. Let z = y + 58. Suppose -3*n + 7*n - 40 = t, -2*t - 40 = -z*n. List the prime factors of n.
2, 5
Suppose q + 5 = 0, -x = 46*q - 51*q - 37656. What are the prime factors of x?
11, 311
Suppose -c - k = 4*c - 81, -12 = -c + 4*k. Suppose -11*z - 2035 = -c*z. Let r = -195 + z. What are the prime factors of r?
2, 53
List the prime factors of 1408/(-3168) - (-357754)/9.
2, 3, 5, 53
Let t = 49 - 49. Suppose t = 7*o - 2*o - 20. Let c(k) = 17*k + 44. List the prime factors of c(o).
2, 7
Suppose 0 = 26*y - 37*y + 58696. List the prime factors of y.
2, 23, 29
Suppose 37*o - 47563 - 100104 = 0. List the prime factors of o.
13, 307
Let b be -3 + (0 + 59)*3. Let v = b + 112. Suppose 0 = 4*o - 3*r - v - 184, -3*r = 3*o - 363. List the prime factors of o.
7, 17
List the prime factors of (165/11)/3 - -5173.
2, 3, 863
Let h = -8130 + 8134. Let v(f) be the first derivative of f**4/4 + 2*f**3/3 - f**2/2 - 2*f - 1. List the prime factors of v(h).
2, 3, 5
What are the prime factors of ((-4610)/35)/((-19)/((-38836)/(-8)))?
73, 461
Suppose 4*t + 2*v + 0*v - 10 = 0, -t = v - 3. Let y(d) = -d**3 + 3*d**2 - 2. Let k be y(t). Suppose 0*u + k*u - 82 = 0. What are the prime factors of u?
41
Let h be 40/16*(-12)/(-10). Let m = h - -25. Suppose -m*q = -31*q + 249. List the prime factors of q.
83
Let p = -7 - -7. Let o be p/(-6 + (7 - 3)). Suppose -3*y + 63 = c - 104, o = -2*y - c + 113. What are the prime factors of y?
2, 3
Let j(u) = 9604*u**2 - 21*u + 1. List the prime factors of j(1).
2, 599
Let j(d) = 55*d**2 - 49*d - 319. What are the prime factors of j(-11)?
5, 11
Suppose 7*r = 10*r - 10*r. Suppose r = 6*d - 5*d + 2, 4*a = 3*d + 2486. List the prime factors of a.
2, 5, 31
Let l = 213 + -330. Let o = -171 - l. What are the prime factors of ((-2)/(-6)*289)/((-18)/o)?
17
Let b(q) be the third derivative of -q**6/24 - 7*q**5/60 - 2*q**4/3 - 11*q**3/6 - 3*q**2 + 25. List the prime factors of b(-6).
11, 83
Let n = -3 - -19. Suppose -16 = -2*l - n. Suppose l = -29*z + 33*z - 20. What are the prime factors of z?
5
Suppose -b + 18 = 5*d, 0 = -3*d + 2*d - 3*b - 2. Let o be (-3)/42*d + 814/7. Suppose 6*a - o = 1576. List the prime factors of a.
2, 3, 47
Suppose 15 = -11*l + 16*l. Suppose 2*x - 673 = -l*c + 196, -c = -x - 298. What are the prime factors of c?
293
Let j(f) = 18*f**2 + 141*f. What are the prime factors of j(-29)?
3, 29, 127
What are the prime factors of ((-22242)/18 - 8)/(5/(-45))?
3, 7, 13, 41
Suppose 109312 = 1654*o - 1626*o. List the prime factors of o.
2, 61
Suppose -154*n + 165*n - 85844 = 0. What are the prime factors of n?
2, 1951
Suppose 116*o + 15389964 = 320*o. What are the prime factors of o?
3, 25147
Let c(q) = 2*q**3 - 13*q**2 + 5*q + 8. Let r be c(6). Suppose -1258 = -2*w + 4*x, 11*w + r*x + 1258 = 13*w. List the prime factors of w.
17, 37
Let r(m) = 3*m**2 + 82*m + 32. Let j be r(-27). Suppose f - 4*a = a + 148, j*a - 710 = -5*f. What are the prime factors of f?
11, 13
Let p = 28432 + -14667. What are the prime factors of p?
5, 2753
Let l(d) = 148*d**2 + 147*d + 144. List the prime factors of l(-9).
3, 1201
Suppose -4*i = -4*b + 36, 15 = 5*b + 3*i - 2*i. Suppose -8*h - 3086 = -10*h + b*p, 0 = -h + p + 1547. What are the prime factors of h?
3, 11, 47
Suppose 2*g = -2*g + 3*q + 49, 0 = 5*g + q - 47. Let a be ((-24)/g)/(2*(-6)/280). Let w = -40 + a. What are the prime factors of w?
2
Let l = 46393 - -25733. What are the prime factors of l?
2, 3, 4007
List the prime factors of ((-1001)/33 - 6)*-327.
109
Let u be (-3)/(-108)*6 - 7/6. What are the prime factors of (76 - -3)/(u/(-2))?
2, 79
Let s = 85 + -87. Let d be 66*(-1)/8*2*s. Suppose -3*o + p = -131, 0*o - 3*p - d = -o. What are the prime factors of o?
3, 5
Suppose 442*s = 424*s + 189072. List the prime factors of s.
2, 13, 101
Let d = -3 - -7. Suppose -o = -2*j - 454, d*o - j + 5*j = 1756. List the prime factors of o.
2, 3, 37
Suppose 0 = -4*z + 3*s + 27, 6*s + 20 = 2*s. Suppose -109 - 662 = -z*j. What are the prime factors of j?
257
Let q = -47458 + 78462. What are th